{"id":141,"date":"2024-05-23T07:41:33","date_gmt":"2024-05-23T05:41:33","guid":{"rendered":"http:\/\/jezykowaprzygoda.pl\/?page_id=141"},"modified":"2024-06-07T19:23:10","modified_gmt":"2024-06-07T17:23:10","slug":"rodo","status":"publish","type":"page","link":"http:\/\/jezykowaprzygoda.pl\/index.php\/rodo\/","title":{"rendered":"RODO"},"content":{"rendered":"\n[et_pb_section fb_built=&#8221;1&#8243; _builder_version=&#8221;4.25.1&#8243; _module_preset=&#8221;default&#8221; global_colors_info=&#8221;{}&#8221;][et_pb_row _builder_version=&#8221;4.25.1&#8243; _module_preset=&#8221;default&#8221; global_colors_info=&#8221;{}&#8221;][et_pb_column type=&#8221;4_4&#8243; _builder_version=&#8221;4.25.1&#8243; _module_preset=&#8221;default&#8221; global_colors_info=&#8221;{}&#8221;][et_pb_text _builder_version=&#8221;4.25.1&#8243; _module_preset=&#8221;default&#8221; text_font=&#8221;Trebuchet||||||||&#8221; text_text_color=&#8221;#054597&#8243; text_font_size=&#8221;30px&#8221; global_colors_info=&#8221;{}&#8221;]<p>RODO<\/p>[\/et_pb_text][et_pb_text _builder_version=&#8221;4.25.1&#8243; _module_preset=&#8221;default&#8221; text_font=&#8221;Trebuchet||||||||&#8221; text_font_size=&#8221;16px&#8221; text_font_size_tablet=&#8221;16px&#8221; text_font_size_phone=&#8221;14px&#8221; text_font_size_last_edited=&#8221;on|phone&#8221; global_colors_info=&#8221;{}&#8221;]<p>DANE OSOBOWE<br \/>1. Administratorem danych osobowych Rodzic\u00f3w\/ Opiekun\u00f3w prawnych oraz ich dzieci \u2013 zwanych<br \/>dalej Klientami w rozumienia przepis\u00f3w og\u00f3lnego rozporz\u0105dzenia o ochronie danych osobowych z<br \/>dnia 27 kwietnia 2016 roku (RODO) jest J\u0119zykowa Przygoda Marta St\u0119pie\u0144 &#8211; Kornafel ul. Wy\u015bcigowa<br \/>30 lok. U2, 26-600 Radom.<br \/>2. Administrator danych osobowych, za po\u015brednictwem strony internetowej, e-mail<br \/>jezykowaprzygoda@gmail.com oraz innych form komunikacji przetwarza nast\u0119puj\u0105ce dane osobowe:<br \/>imi\u0119 i nazwisko, adres do korespondencji, adres poczty elektronicznej (adres e-mail), numer telefonu.<br \/>W przypadku wystawienia faktury \u201ena firm\u0119\u201d, r\u00f3wnie\u017c dane nabywcy niezb\u0119dne do wystawienia<br \/>faktury VAT: nazwa nabywcy, adres, NIP.<br \/>3. Podanie powy\u017cszych danych jest dobrowolne, ale niezb\u0119dne do z\u0142o\u017cenia Zam\u00f3wienia i zawarcia<br \/>Umowy o \u015bwiadczenie us\u0142ug.<br \/>4. Podstawa prawna przetwarzania danych to art. 6 RODO, pkt 1 b), czyli w celu niezb\u0119dnym do<br \/>wykonania Umowy, kt\u00f3rej stron\u0105 jest osoba, kt\u00f3rej dane dotycz\u0105, lub do podj\u0119cia dzia\u0142a\u0144 na \u017c\u0105danie<br \/>osoby, kt\u00f3rej dane dotycz\u0105, przed zawarciem umowy.<br \/>5. J\u0119zykowa Przygoda Marta St\u0119pie\u0144 &#8211; Kornafel w zwi\u0105zku z zawart\u0105 umow\u0105 gwarantuje realizacj\u0119<br \/>uprawnie\u0144 wynikaj\u0105cych z obowi\u0105zuj\u0105cych przepis\u00f3w o ochronie danych osobowych (RODO), w<br \/>ramach kt\u00f3rych Klient ma prawo dost\u0119pu do tre\u015bci swoich danych, ich sprostowania, usuni\u0119cia (prawo<br \/>do bycia zapomnianym), ograniczenia przetwarzania, prawo do przenoszenia danych.<br \/>6. Dane osobowe Klienta b\u0119d\u0105 przechowywane przez okres od pa\u017adziernika 2019 do czerwca 2020lub<br \/>do ewentualnego \u017c\u0105dania ich usuni\u0119cia przez Klienta. W tym czasie Klient ma mo\u017cliwo\u015b\u0107 odebrania<br \/>dyplomu potwierdzaj\u0105cego uko\u0144czenie kursu oraz wszelkiego typu za\u015bwiadcze\u0144 potwierdzaj\u0105cych<br \/>przebieg edukacji j\u0119zykowej Klienta w J\u0119zykowa Przygoda Marta St\u0119pie\u0144 \u2013 Kornafel (poziom<br \/>j\u0119zykowy, wyniki egzamin\u00f3w ko\u0144cowych, frekwencja, zdobyte kompetencje).\u00a0\u00a0<br \/>7. Odbiorcami danych osobowych Klienta b\u0119d\u0105 pracownicy administracyjni oraz lektorzy, w tym<br \/>osoby samozatrudnione. Ponadto odbiorcami danych osobowych Klienta mog\u0105 by\u0107 firmy obs\u0142uguj\u0105ce<br \/>p\u0142atno\u015bci internetowe oraz podmioty zajmuj\u0105ce si\u0119 obs\u0142ug\u0105 informatyczn\u0105 administratora danych.\u00a0<br \/>8.\u00a0Elementem us\u0142ugi kursu j\u0119zykowego obj\u0119tego umow\u0105 o \u015bwiadczenie us\u0142ug jest wykorzystanie<br \/>platformy internetowej Edubears dotyczy tylko kurs\u00f3w TEDDY EDDIE , kt\u00f3ra wspiera nauczanie i<br \/>realizacj\u0119 programu kurs\u00f3w Teddy Eddie dotyczy grup wiekowych od 2 do 7 lat poprzez \u0107wiczenia<br \/>tworzone przez Lektor\u00f3w zawieraj\u0105ce materia\u0142 j\u0119zykowy z zaj\u0119\u0107. W momencie zawarcia umowy,<br \/>lektor tworzy konto u\u017cytkownika na platformie i przypisuje konto do odpowiedniej grupy j\u0119zykowej<br \/>wprowadzaj\u0105c nast\u0119puj\u0105ce dane osobowe Klienta: imi\u0119 i nazwisko Rodzica\/ Opiekuna, dziecka, adres<br \/>mailowy. Utworzenie konta wi\u0105\u017ce si\u0119 z powierzeniem do przetwarzania powy\u017cszych danych<br \/>podmiotowi trzeciemu w oparciu o umow\u0119 o powierzeniu danych do przetwarzania zawart\u0105 pomi\u0119dzy<br \/>J\u0118ZYKOWA PRZYGODA MARTA ST\u0118PIE\u0143 \u2013 KORNAFEL a administratorem danych osobowych<br \/>na platformie EduBears Sp. Z o.o. Sp\u00f3\u0142ka komandytowa 44-100 Gliwice, ul. Jasna 31 B NIP<br \/>6312660560 REGON 363507143 KRS 0000748549. Przekazanie danych nie uprawnia odbiorcy do<br \/>dowolnego korzystania z nich przez administratora, a jedynie do korzystania w celach wyra\u017anie<br \/>wskazanych przez J\u0119zykowa Przygoda Klient w ka\u017cdym momencie ma prawo \u017c\u0105dania usuni\u0119cia<br \/>swojego konta w EduBears.<br \/>9. Wy\u0142\u0105cznie za wyra\u017an\u0105, odr\u0119bn\u0105 zgod\u0105 Klienta jego dane osobowe mog\u0105 by\u0107 przetwarzane w<br \/>innych, jasno okre\u015blonych celach i oparciu o inne podstawy prawne, np. w celach marketingowych.<br \/>Zgoda ta udzielana jest dobrowolnie i mo\u017ce by\u0107 cofni\u0119ta przez Klienta w ka\u017cdym czasie.\u00a0<br \/>10. Pytania dotycz\u0105ce przetwarzania przez J\u0119zykowa Przygoda Marta St\u0119pie\u0144 \u2013 Kornafel danych<br \/>osobowych, a tak\u017ce w celu realizacji praw, wyra\u017cenia albo cofni\u0119cia zg\u00f3d oraz wnoszenia sprzeciw\u00f3w,<br \/>zapraszamy do szko\u0142y lub prosimy o skorzystanie z poni\u017cszych mo\u017cliwo\u015bci kontaktu:<br \/>Adres e-mail:<br \/><strong>jezykowaprzygoda@gmai.com<\/strong><br \/>poczta tradycyjna:<br \/><strong>J\u0119zykowa Przygoda Marta St\u0119pie\u0144 &#8211; Kornafel ul. Wy\u015bcigowa 30 lok u2 26-<\/strong><strong>600 Radom,<br \/>z dopiskiem \u201e dane osobowe\u201d<\/strong><br \/>numer telefonu: <strong>602-847-837<\/strong><br \/>11. Klient, kt\u00f3ry nie jest zadowolony z udzielonych przez J\u0119zykowa Przygoda Marta St\u0119pie\u0144 &#8211;<br \/>Kornafel wyja\u015bnie\u0144 ma prawo wniesienia skargi do Organu nadzoru (Prezesa Urz\u0119du Ochrony Danych<br \/>Osobowych), gdy uzna, \u017ce przetwarzanie danych osobowych, kt\u00f3re jego dotycz\u0105 narusza przepisy<br \/>og\u00f3lnego rozporz\u0105dzenia o ochronie danych osobowych z dnia 27 kwietnia 2016 roku (RODO).<\/p>[\/et_pb_text][\/et_pb_column][\/et_pb_row][\/et_pb_section]\n","protected":false},"excerpt":{"rendered":"<p>RODODANE OSOBOWE1. Administratorem danych osobowych Rodzic\u00f3w\/ Opiekun\u00f3w prawnych oraz ich dzieci \u2013 zwanychdalej Klientami w rozumienia przepis\u00f3w og\u00f3lnego rozporz\u0105dzenia o ochronie danych osobowych zdnia 27 kwietnia 2016 roku (RODO) jest J\u0119zykowa Przygoda Marta St\u0119pie\u0144 &#8211; Kornafel ul. Wy\u015bcigowa30 lok. U2, 26-600 Radom.2. Administrator danych osobowych, za po\u015brednictwem strony internetowej, e-mailjezykowaprzygoda@gmail.com oraz innych form komunikacji przetwarza [&hellip;]<\/p>\n","protected":false},"author":1,"featured_media":0,"parent":0,"menu_order":0,"comment_status":"closed","ping_status":"closed","template":"","meta":{"_et_pb_use_builder":"on","_et_pb_old_content":"","_et_gb_content_width":"","footnotes":""},"class_list":["post-141","page","type-page","status-publish","hentry"],"_links":{"self":[{"href":"http:\/\/jezykowaprzygoda.pl\/index.php\/wp-json\/wp\/v2\/pages\/141","targetHints":{"allow":["GET"]}}],"collection":[{"href":"http:\/\/jezykowaprzygoda.pl\/index.php\/wp-json\/wp\/v2\/pages"}],"about":[{"href":"http:\/\/jezykowaprzygoda.pl\/index.php\/wp-json\/wp\/v2\/types\/page"}],"author":[{"embeddable":true,"href":"http:\/\/jezykowaprzygoda.pl\/index.php\/wp-json\/wp\/v2\/users\/1"}],"replies":[{"embeddable":true,"href":"http:\/\/jezykowaprzygoda.pl\/index.php\/wp-json\/wp\/v2\/comments?post=141"}],"version-history":[{"count":5,"href":"http:\/\/jezykowaprzygoda.pl\/index.php\/wp-json\/wp\/v2\/pages\/141\/revisions"}],"predecessor-version":[{"id":403,"href":"http:\/\/jezykowaprzygoda.pl\/index.php\/wp-json\/wp\/v2\/pages\/141\/revisions\/403"}],"wp:attachment":[{"href":"http:\/\/jezykowaprzygoda.pl\/index.php\/wp-json\/wp\/v2\/media?parent=141"}],"curies":[{"name":"wp","href":"https:\/\/api.w.org\/{rel}","templated":true}]}}